tiple of 485?
True
Is 106 a factor of 212489?
False
Is 34831 a multiple of 16?
False
Is 23 a factor of 3305874?
False
Is 112 a factor of 2128336?
True
Is 3 a factor of 2142?
True
Is 6 a factor of 376890?
True
Does 17 divide 91086?
True
Is 1897960 a multiple of 115?
True
Does 306 divide 1021818?
False
Does 64 divide 3920281?
False
Does 77 divide 597982?
True
Is 91579 a multiple of 18?
False
Is 1539840 a multiple of 8?
True
Is 203 a factor of 640871?
True
Is 258 a factor of 4082476?
False
Is 1542958 a multiple of 326?
True
Does 57 divide 1715757?
True
Is 27 a factor of 2437831?
False
Does 33 divide 247531?
False
Is 674104 a multiple of 18?
False
Is 58 a factor of 726912?
False
Does 30 divide 17700?
True
Is 3455833 a multiple of 313?
True
Is 333 a factor of 5608010?
False
Does 138 divide 104604?
True
Does 451 divide 23707717?
True
Does 16 divide 879184?
True
Does 76 divide 135432?
True
Is 12007525 a multiple of 17?
True
Does 870 divide 3579180?
True
Is 716737 a multiple of 74?
False
Does 44 divide 4251459?
False
Is 40 a factor of 2204049?
False
Does 29 divide 595979?
True
Is 192697 a multiple of 14?
False
Is 44102 a multiple of 20?
False
Is 2010865 a multiple of 347?
True
Is 471937 a multiple of 204?
False
Is 3 a factor of 1427062?
False
Is 57605 a multiple of 205?
True
Is 1051545 a multiple of 55?
True
Does 42 divide 1504356?
True
Is 72 a factor of 390384?
True
Is 13333263 a multiple of 171?
False
Is 37120725 a multiple of 45?
True
Does 2 divide 3469?
False
Does 168 divide 903000?
True
Is 133 a factor of 95361?
True
Is 450450 a multiple of 45?
True
Does 42 divide 3651598?
False
Does 16 divide 1602128?
True
Does 210 divide 492695?
False
Does 118 divide 257948?
True
Is 65928 a multiple of 8?
True
Is 14 a factor of 4552996?
True
Is 15806158 a multiple of 17?
True
Is 9059130 a multiple of 31?
True
Is 7036528 a multiple of 184?
True
Does 721 divide 3571113?
True
Is 24 a factor of 340680?
True
Is 13729960 a multiple of 40?
True
Is 38005 a multiple of 41?
False
Is 6193 a multiple of 11?
True
Is 60048 a multiple of 432?
True
Is 18 a factor of 212688?
True
Is 29922 a multiple of 17?
False
Is 2297392 a multiple of 8?
True
Does 4 divide 2302710?
False
Is 350503 a multiple of 221?
False
Does 22 divide 131147?
False
Does 46 divide 5816509?
False
Does 30 divide 500610?
True
Is 1481995 a multiple of 102?
False
Is 103 a factor of 307455?
True
Is 1462 a factor of 20865664?
True
Does 27 divide 379593?
True
Does 32 divide 101728?
True
Is 4 a factor of 279388?
True
Is 41 a factor of 8859114?
False
Is 2189200 a multiple of 26?
True
Is 7 a factor of 269556?
True
Does 4 divide 33348?
True
Is 127592 a multiple of 41?
True
Does 12 divide 306537?
False
Does 80 divide 5126640?
True
Does 18 divide 1039698?
True
Is 634560 a multiple of 8?
True
Is 615630 a multiple of 2?
True
Does 36 divide 18463549?
False
Does 158 divide 1456248?
False
Is 71260 a multiple of 28?
True
Does 171 divide 219200?
False
Is 16285 a multiple of 3?
False
Is 3 a factor of 18112?
False
Does 40 divide 2187?
False
Does 62 divide 109145?
False
Is 70809 a multiple of 78?
False
Does 139 divide 506149?
False
Does 20 divide 658620?
True
Does 16 divide 76352?
True
Is 2159573 a multiple of 283?
True
Is 6447 a multiple of 89?
False
Is 598 a factor of 339664?
True
Does 40 divide 1279520?
True
Is 58 a factor of 6720054?
True
Is 4946592 a multiple of 84?
True
Does 295 divide 56727?
False
Does 9 divide 2387367?
True
Is 278964 a multiple of 82?
True
Does 5 divide 391380?
True
Is 17751 a multiple of 97?
True
Is 4143945 a multiple of 807?
True
Is 509823 a multiple of 7?
False
Does 264 divide 530640?
True
Is 1173 a factor of 6099905?
False
Is 212 a factor of 77845?
False
Is 13 a factor of 3545828?
True
Is 15354204 a multiple of 38?
True
Is 289 a factor of 1899588?
False
Is 15 a factor of 2710900?
False
Is 5 a factor of 2219198?
False
Does 10 divide 620034?
False
Is 479520 a multiple of 270?
True
Does 70 divide 839580?
True
Is 14 a factor of 25975?
False
Does 44 divide 110412?
False
Is 76261 a multiple of 10?
False
Does 81 divide 1326863?
False
Is 1331 a factor of 4351039?
True
Does 270 divide 184915?
False
Is 5184199 a multiple of 137?
False
Does 65 divide 48425?
True
Is 10149506 a multiple of 8?
False
Is 5 a factor of 1758?
False
Does 34 divide 118218?
True
Is 615725 a multiple of 55?
True
Is 33 a factor of 195494?
False
Does 10 divide 99050?
True
Is 518 a factor of 509501?
False
Does 60 divide 96117?
False
Does 64 divide 708581?
False
Is 184 a factor of 982448?
False
Is 42 a factor of 48300?
True
Does 319 divide 28072?
True
Is 7 a factor of 445110?
False
Is 971 a factor of 4659931?
False
Is 40820 a multiple of 20?
True
Is 35 a factor of 4929581?
False
Does 12 divide 91848?
True
Is 93300 a multiple of 12?
True
Is 13220 a multiple of 16?
False
Does 251 divide 1501984?
True
Does 85 divide 113815?
True
Does 206 divide 1854?
True
Is 608 a multiple of 112?
False
Is 4313135 a multiple of 267?
False
Does 471 divide 8261811?
True
Is 415569 a multiple of 77?
True
Is 157595 a multiple of 5?
True
Is 11 a factor of 1149566?
True
Is 387988 a multiple of 41?
False
Is 24 a factor of 310902?
False
Is 765573 a multiple of 10?
False
Does 11 divide 199133?
True
Is 1284 a factor of 8906662?
False
Is 1771569 a multiple of 9?
True
Does 93 divide 379612?
False
Is 170 a factor of 127078?
False
Is 573739 a multiple of 38?
False
Is 1088 a factor of 12302477?
False
Is 448415 a multiple of 155?
True
Is 63 a factor of 5594520?
False
Does 7 divide 528465?
True
Is 19 a factor of 4283151?
True
Is 58 a factor of 1945378?
True
Is 32 a factor of 427245?
False
Is 379010 a multiple of 5?
True
Is 129 a factor of 171054?
True
Is 17 a factor of 179366?
False
Is 191 a factor of 286416?
False
Does 26 divide 743548?
True
Is 22 a factor of 52074?
True
Is 124 a factor of 1263307?
False
Is 114 a factor of 15914172?
True
Does 17 divide 95880?
True
Does 5 divide 202900?
True
Does 67 divide 9889076?
False
Does 8 divide 38437?
False
Is 21 a factor of 84134?
False
Does 17 divide 11441?
True
Is 10 a factor of 1502566?
False
Does 343 divide 129997?
True
Is 247665 a multiple of 237?
True
Is 16 a factor of 3984645?
False
Is 510 a factor of 4281960?
True
Does 1009 divide 12856476?
False
Does 450 divide 19982?
False
Does 76 divide 1411875?
False
Is 6762720 a multiple of 20?
True
Does 7 divide 1655782?
False
Is 3246653 a multiple of 1030?
False
Does 82 divide 2046502?
False
Is 2370 a multiple of 15?
True
Does 51 divide 4339743?
True
Does 172 divide 2533044?
True
Is 42995 a multiple of 11?
False
Is 73206 a multiple of 212?
False
Is 49 a factor of 392245?
True
Is 1031829 a multiple of 57?
False
Is 153352 a multiple of 29?
True
Is 141 a factor of 5255634?
True
Does 204 divide 1078222?
False
Is 92820 a multiple of 26?
True
Is 8374246 a multiple of 28?
False
Is 34 a factor of 135383?
False
Is 27 a factor of 35997804?
True
Does 18 divide 1916100?
True
Is 30156 a multiple of 53?
False
Is 230528 a multiple of 758?
False
Is 11817773 a multiple of 77?
False
Is 4044214 a multiple of 118?
True
Does 205 divide 6444336?
False
Does 8 divide 4870?
False
Is 723 a factor of 713076?
False
Is 309290 a multiple of 197?
True
Is 3 a factor of 56381?
False
Does 589 divide 2517386?
True
Is 103008 a multiple of 464?
True
Is 222 a factor of 6558?
False
Is 459 a factor of 1459161?
True
Is 44010 a multiple of 5?
True
Does 108 divide 219105?
False
Does 15 divide 1490927?
False
Is 251328 a multiple of 88?
True
Is 49 a factor of 3058?
False
Is 762 a factor of 80010?
True
Does 219 divide 526159?
False
Is 491 a factor of 4637484?
False
Is 651 a factor of 903049?
False
Does 162 divide 4327844?
False
Is 7 a factor of 417375?
True
Is 7 a factor of 617133?
False
Is 276 a factor of 46724?
False
Is 604656 a multiple of 969?
True
Is 405140 a multiple of 4?
True
Is 38 a factor of 160842?
False
Is 3 a factor of 117397?
False
Is 165 a factor of 8627725?
False
Is 5 a factor of 253195?
True
Does 20 divide 1032860?
True
Is 115621 a multiple of 7?
False
Is 672607 a multiple of 403?
True
Is 2243836 a multiple of 41?
False
Is 87 a factor of 7572996?
False
Does 7 divide 621978?
True
Does 204 divide 6556?
False
Is 821665 a multiple of 154?
False
Is 183923 a multiple of 5?
False
Is 532103 a multiple of 11?
True
Is 23 a fac